7. What are the prime factors of d?
163, 191
Let v = 304 + -293. Suppose -v*q + 8637 = -515. List the prime factors of q.
2, 13
Let g(y) = y**3 - 3*y**2 - 11*y + 9. Let i be g(7). Suppose -175*m + 696 = -183*m. Let z = i + m. What are the prime factors of z?
41
Let t be (15/25)/((-2)/(-10)). Suppose 0 = -l - t*w + 9, 2*l + w + 0*w - 3 = 0. Suppose 5*h = 25, 3*c + 0*h + 4*h - 215 = l. List the prime factors of c.
5, 13
Suppose -c + 14386 = -3*r, 2*c + 2*r + 5050 - 33798 = 0. What are the prime factors of c?
11, 1307
Let g = 184 + -182. Suppose -2*d + g*k + 190 = 0, -4*d - 7*k + 3*k = -340. What are the prime factors of d?
2, 3, 5
Suppose 17 = 5*t + 2. Suppose t*o = -5*u + 941, 5*o - 1589 = -u - 6. Let y = o + -223. List the prime factors of y.
2, 47
Suppose 0 = 13*n + 14*n - 81. Suppose 0 = n*o + 274 - 1531. List the prime factors of o.
419
Suppose -51*g + 56*g = -15. Let k = -10 + 12. What are the prime factors of (-2 - k - 39)*g?
3, 43
List the prime factors of ((-4194)/(-16))/(433/3464).
3, 233
Let i be (-4 - -5) + 6 - -1. Suppose 452 = i*r - 1524. List the prime factors of r.
13, 19
Suppose 4*y - 120 = 3*q + 136, -2*y = 5*q - 102. Let n = -11 - -43. Let j = n + y. List the prime factors of j.
3, 31
Let c = 37591 - -2635. What are the prime factors of c?
2, 20113
Let a = -13787 + 19837. What are the prime factors of a?
2, 5, 11
Let v be ((-68)/12 + 5)/(3/(-22662)). What are the prime factors of v/14 - 9/(-63)*2?
2, 3, 5
List the prime factors of 5 + 42/(1461/(-2196) + (-52)/(-78)).
97, 317
Let g = 200 - 138. Let h = g - -281. What are the prime factors of h?
7
Suppose -3*d - 123 = -5*d - 5*c, 3*d - 173 = 4*c. Let k = d + -15. Suppose 2*o - 2*i - k = i, 4*i = -2*o + 30. List the prime factors of o.
19
Let a = 10323 + -1764. List the prime factors of a.
3, 317
Suppose -20 = -5*p, -35*p + 2407 = o - 37*p. List the prime factors of o.
3, 5, 7, 23
Let t be 99/(-44)*(-4)/3. Let z be ((-3)/9)/(2/(-18)). Suppose -z*s + 3*u = -42, -2*s - t*u + 44 = -u. List the prime factors of s.
2, 3
Let r = 4 + 275. Suppose -r - 357 = -3*i. List the prime factors of i.
2, 53
Suppose -3*m + 6*m + 588 = 0. Let p = 452 + m. List the prime factors of (1 - (2 + 1))/((-4)/p).
2
Suppose 126*x + 96598 = 3408256. What are the prime factors of x?
3, 8761
Let i(p) = -93*p + 1. Let k be i(8). Let n = -488 - k. What are the prime factors of n?
3, 5, 17
Let z be (19 + -20)/((-3)/(-9)*-1). Suppose 2*o - 2616 = -m, z*o - 3919 = -3*m - m. What are the prime factors of o?
7, 11, 17
Let v be 4/(-10) - 2496/(-65). Let j = v + -35. Suppose c - 180 = -j*c. List the prime factors of c.
3, 5
Let p be (8/6)/(2/(-3))*1. Let y = -123 + 188. What are the prime factors of y + 24/4 + p?
3, 23
Let q(i) be the second derivative of -83*i**3/6 + 267*i**2/2 - 2*i + 44. List the prime factors of q(-8).
7, 19
Suppose -241*g + 1333857 = -4170791 - 2946017. What are the prime factors of g?
5, 7013
Let p be ((-3)/4)/((-140)/4480). Let s(a) = a**2 + 5*a - 4. Let y be s(-6). List the prime factors of (77/y)/(12/p).
7, 11
Suppose -14*x - 16 = -18*x + 4*m, x = 3*m + 8. Let c be (-2 - -3)/(2/(-30)). What are the prime factors of (x/6)/(c/(-1035))?
23
Let q be 1*-2*(-64)/128. What are the prime factors of -1 + q - (2 + -254)*2?
2, 3, 7
Suppose -818*s = -811*s - 21. Suppose 2043 + 1080 = s*r. List the prime factors of r.
3, 347
What are the prime factors of (-3)/(-10) - -1*((-1168468)/(-40) - -7)?
61, 479
Let m(r) = 3*r - 1. Let i(o) = 21*o + 11. Let k(a) = i(a) - 2*m(a). List the prime factors of k(21).
2, 41
Suppose 3*u - 129 = -42. Suppose r - u = -5*k, 2*k = 3*r - 0*r - 2. Suppose 9*q = r*q, v = 2*q + 27. List the prime factors of v.
3
Suppose -3*a + 6*a = 186. Let r = -212 + 319. Suppose -4*n + 5*k + 55 + a = 0, -4*n = 5*k - r. What are the prime factors of n?
2, 7
Suppose 8*c - 15 = 5*c. Suppose -c*n + 740 = -0*n. Suppose 153 = 7*l - n. What are the prime factors of l?
43
Let r = -1114 + -1070. Let a = r + 3591. List the prime factors of a.
3, 7, 67
Let i = -16 - 14. Let t be 37 - -2*1/(-1). Let y = i + t. What are the prime factors of y?
5
Let k(g) = -9*g - 5. Let i = -9 + 3. Let x be k(i). Suppose h - w - x = -4*w, -h + 21 = -4*w. List the prime factors of h.
37
Suppose 46*t + 77*t - 1043078 - 389749 = 0. What are the prime factors of t?
3, 11, 353
Suppose 2*s + 3*y + 5 = 0, 4*s - 5*s + 5 = 3*y. Let j = s - -20. Let i = j + -6. What are the prime factors of i?
2
Let t be -6*2*6/24. List the prime factors of ((-644)/t)/((-36)/(-108)).
2, 7, 23
Let l = -196 - -196. List the prime factors of 12 + 458 - l/(-1 + 4).
2, 5, 47
Let j be 240/(-39) - (-20)/130. What are the prime factors of -2 - (-30*23 - j)?
2, 11, 31
Let o(q) = -2*q**3 - 8*q**2 - q - 11. Let f be o(-5). Suppose 0*k + f = 4*k. Suppose -h + 64 = k. What are the prime factors of h?
53
Let g = -14 - -6. Let q be 2/g + 33/(-44). List the prime factors of (756/56)/(q/4 + 1).
2, 3
Suppose -9 - 15 = -12*j. What are the prime factors of 635/j*2 - (22 - 25)?
2, 11, 29
Suppose 7*r - 359 - 271 = 0. Suppose -9*s = 136 + 26. What are the prime factors of (r/75)/(s/20 + 1)?
2, 3
Let k(f) be the third derivative of -f**6/60 + f**5/30 + 41*f**4/24 + 11*f**3/6 + 22*f**2 + 4*f. What are the prime factors of k(-8)?
5, 167
Let k(y) = -2*y**2 - 18*y + 46. Let f be k(-11). Suppose 2*s - 2*u - 456 = -4*u, 0 = 4*s + f*u - 914. What are the prime factors of s?
229
Let g(l) = 7*l + 127. Let v be g(-18). List the prime factors of 13184/48*3/v.
2, 103
Suppose 52*l = 2*g + 55*l - 5635, 5*l = 2*g - 5643. What are the prime factors of g?
2819
Suppose 4*s - 10954 = -2*r, -4*r = 3*s - 12305 + 4097. What are the prime factors of s?
2, 5, 137
Let p(k) = -22*k - 14*k + 21*k - 26*k + 8. Suppose 9*j + 28 = -5*j. List the prime factors of p(j).
2, 3, 5
Let a(w) = -6*w**3 - 7*w**2 + 42*w + 112. List the prime factors of a(-15).
67, 271
Suppose 0*t + 5*x + 245 = -5*t, 0 = 2*t - x + 89. Let y = 50 + t. What are the prime factors of (-390)/y*12/(-9)?
2, 5, 13
Let l = 256 - -253. Let o = -254 + l. What are the prime factors of o?
3, 5, 17
Let c be -8 + 10 + (-7)/(14/(-636)). Let z = c - 598. Let p = 499 + z. What are the prime factors of p?
13, 17
Let v = -142 + 131. Let g(h) = h**3 + 11*h**2 - 3*h - 26. List the prime factors of g(v).
7
Let i(d) = -7*d**2 + 32*d + 12. Let a be i(4). Let u(h) = 4*h**3 - 110*h**2 - 14*h - 8. What are the prime factors of u(a)?
2, 73
Let k be (-3)/((-6)/(-8)) - -30. Let j(b) = b**2 - 16*b - 1. List the prime factors of j(k).
7, 37
Let q = 9 - 0. Suppose 43*y + 1604 = 47*y. Suppose y - q = 4*h. What are the prime factors of h?
2, 7
Let w(p) = 16260*p + 9561. List the prime factors of w(4).
3, 307
Suppose 84*l + 5*k - 786 = 83*l, -4035 = -5*l - 4*k. Suppose 538 - l = -a. List the prime factors of a.
3, 7, 13
Let p(y) = 330*y**2 - 70*y + 315. What are the prime factors of p(4)?
5, 1063
Let i(b) = 168*b + 891. List the prime factors of i(44).
3, 11, 251
Suppose -4*r - 5*z = -3*r - 18, -4*z = 2*r - 18. What are the prime factors of r*(76 - (-4 + 6))?
2, 3, 37
Let g(p) = -p**2 - 5*p. Let d be g(-4). Suppose 4*m + 43 = -t + 6*t, -5*m + d*t = 47. What are the prime factors of (-9)/(189/6) - 1017/m?
5, 29
Let s = 67686 - 48229. What are the prime factors of s?
19457
Let s(v) = 244*v - 251*v + 34 - 13 + 4*v**2 + 15. Let o be s(8). Suppose -3*n + o = 5*l, 0 = -5*n + 5*l + 75 + 265. List the prime factors of n.
2, 3
Let d(v) be the first derivative of -11*v**3/3 - 25*v**2/2 - 33*v + 18. Let f(a) be the first derivative of d(a). List the prime factors of f(-6).
107
Let w = -2560 - -10304. List the prime factors of w.
2, 11
Suppose -2*l + 36 = -v, 2*l + 0*l - 62 = 2*v. Let f = 28 + v. List the prime factors of 3 + (12/2)/(f/35).
2, 3
Suppose -284 - 200 = -4*u. Suppose u + 75 = h. Suppose 2*b = -i - 2*i + 296, 2*i = -2*b + h. What are the prime factors of i?
2, 5
Suppose 33*r + 5738 = 14*r. Let t = 371 - r. What are the prime factors of t?
673
Let v = 647 + -635. Suppose -13*s = 3*q - v*s - 1037, 4*q + s - 1384 = 0. What are the prime factors of q?
347
Suppose 10125*x - 10194*x + 651912 = 0. What are the prime factors of x?
2, 1181
Let c = 53 + -25. Suppose -21679 - 5173 = -c*z. What are the prime factors of z?
7, 137
Let s(g) = g**3 - 28*g**2 + 144*g + 97. List the